umber?
False
Is 5003 a composite number?
False
Is 33679 composite?
False
Is 1158293 prime?
True
Is 538709 a composite number?
False
Is 1566343 a prime number?
True
Is 211 prime?
True
Is 1657 a prime number?
True
Is 34795 composite?
True
Is 121213 prime?
False
Is 5755 a prime number?
False
Is 96445 a composite number?
True
Is 486547 prime?
False
Is 66169 prime?
True
Is 10249 a composite number?
True
Is 139619 composite?
False
Is 841259 prime?
True
Is 283501 a composite number?
False
Is 1319 composite?
False
Is 13751 a prime number?
True
Is 87893 composite?
True
Is 127469 composite?
True
Is 379171 composite?
True
Is 4583 a prime number?
True
Is 42611 prime?
True
Is 320363 a composite number?
True
Is 2971693 a prime number?
True
Is 91541 composite?
False
Is 74003 composite?
True
Is 70279 prime?
False
Is 2483 a composite number?
True
Is 81737 a composite number?
False
Is 259991 composite?
False
Is 8287 a prime number?
True
Is 88741 a prime number?
True
Is 2157145 a composite number?
True
Is 414073 a prime number?
False
Is 249967 a composite number?
False
Is 17809 a composite number?
True
Is 186797 a composite number?
True
Is 319 prime?
False
Is 38143 composite?
True
Is 14941 prime?
False
Is 9683 prime?
False
Is 8143 composite?
True
Is 2474 a composite number?
True
Is 4373 prime?
True
Is 268399 prime?
False
Is 556055 composite?
True
Is 6737 a composite number?
False
Is 58889 prime?
True
Is 23105 a prime number?
False
Is 179779 composite?
False
Is 5513 a prime number?
False
Is 706449 a prime number?
False
Is 1637 a prime number?
True
Is 15297 a composite number?
True
Is 5219 a prime number?
False
Is 190469 a composite number?
True
Is 976909 a composite number?
False
Is 730433 prime?
False
Is 470753 prime?
False
Is 2325337 a prime number?
False
Is 4918129 a composite number?
False
Is 43391 prime?
True
Is 83999 a prime number?
False
Is 5981 a prime number?
True
Is 1539227 a composite number?
False
Is 6609 a composite number?
True
Is 9655 a prime number?
False
Is 33639 prime?
False
Is 10247 a prime number?
True
Is 38697 composite?
True
Is 216317 a prime number?
True
Is 232255 a composite number?
True
Is 1178909 prime?
True
Is 1078757 composite?
False
Is 489065 prime?
False
Is 19889 a prime number?
True
Is 16309 composite?
True
Is 105491 a prime number?
True
Is 11573 prime?
False
Is 14879 a composite number?
False
Is 134751 composite?
True
Is 261167 a composite number?
False
Is 55691 a composite number?
False
Is 3083 a prime number?
True
Is 74189 a composite number?
False
Is 181541 a composite number?
True
Is 3787 a composite number?
True
Is 14709 a composite number?
True
Is 54767 composite?
False
Is 10453 prime?
True
Is 8153 a prime number?
False
Is 1019 prime?
True
Is 27673 prime?
True
Is 14903 prime?
False
Is 680709 a prime number?
False
Is 772195 prime?
False
Is 55907 a composite number?
True
Is 17687 a prime number?
False
Is 2322851 a prime number?
True
Is 5767 prime?
False
Is 14698 a composite number?
True
Is 143053 prime?
True
Is 26083 prime?
True
Is 43889 composite?
False
Is 11631 a prime number?
False
Is 7513 composite?
True
Is 26161 a composite number?
False
Is 71902 a composite number?
True
Is 69653 a prime number?
True
Is 11906 composite?
True
Is 243235 a composite number?
True
Is 64585 composite?
True
Is 6109 a prime number?
False
Is 23503 a composite number?
True
Is 89413 composite?
False
Is 406661 prime?
True
Is 93919 a composite number?
True
Is 74341 a prime number?
False
Is 29621 composite?
True
Is 1903 prime?
False
Is 43163 a composite number?
True
Is 12637 composite?
False
Is 68351 a prime number?
True
Is 281509 a prime number?
True
Is 27679 a prime number?
False
Is 13607 composite?
True
Is 942031 a composite number?
False
Is 52009 prime?
True
Is 46067 composite?
True
Is 1533283 composite?
False
Is 915649 a composite number?
True
Is 10779 a prime number?
False
Is 12343 prime?
True
Is 68473 a prime number?
True
Is 67157 prime?
True
Is 7717 a composite number?
False
Is 7051 composite?
True
Is 29033 a composite number?
False
Is 1017377 composite?
False
Is 60185 composite?
True
Is 587 a prime number?
True
Is 22999 a composite number?
True
Is 719 a prime number?
True
Is 5615 prime?
False
Is 5195 a prime number?
False
Is 1096541 a prime number?
True
Is 6145 composite?
True
Is 67 composite?
False
Is 52033 composite?
True
Is 206627 a prime number?
True
Is 39079 a prime number?
True
Is 1253437 a prime number?
True
Is 1669 prime?
True
Is 371089 composite?
True
Is 10259 prime?
True
Is 60721 a prime number?
False
Is 2517 composite?
True
Is 322349 composite?
False
Is 340091 a composite number?
True
Is 1275821 a prime number?
False
Is 9197 a composite number?
True
Is 36073 a composite number?
False
Is 234751 a composite number?
True
Is 45737 composite?
False
Is 3377 prime?
False
Is 703657 a composite number?
False
Is 75947 a composite number?
True
Is 51079 prime?
False
Is 121457 composite?
True
Is 37633 composite?
False
Is 475697 a composite number?
False
Is 103963 a composite number?
False
Is 42371 composite?
True
Is 26661 a prime number?
False
Is 440009 prime?
True
Is 703531 prime?
True
Is 18831 a composite number?
True
Is 69143 a prime number?
True
Is 85287 a composite number?
True
Is 147377 prime?
True
Is 56401 prime?
True
Is 75413 composite?
True
Is 154571 prime?
True
Is 95281 prime?
False
Is 5069 composite?
True
Is 5737 prime?
True
Is 7067 prime?
False
Is 371923 composite?
True
Is 768887 a prime number?
False
Is 21169 prime?
True
Is 14143 prime?
True
Is 2777 a composite number?
False
Is 312673 a prime number?
True
Is 109807 prime?
True
Is 174787 composite?
True
Is 10037 a prime number?
True
Is 118873 prime?
True
Is 8887 a composite number?
False
Is 52859 a prime number?
True
Is 2545 a prime number?
False
Is 377977 prime?
False
Is 16963 a prime number?
True
Is 3899 prime?
False
Is 447283 composite?
True
Is 5939 composite?
False
Is 2135663 a prime number?
True
Is 775135 a prime number?
False
Is 77761 prime?
True
Is 7717 a composite number?
False
Is 10259 composite?
False
Is 172001 a prime number?
True
Is 301621 composite?
True
Is 5207 composite?
True
Is 350495 prime?
False
Is 45145 prime?
False
Is 736717 composite?
False
Is 9983 prime?
False
Is 587 a prime number?
True
Is 75967 prime?
True
Is 251917 a prime number?
True
Is 392963 composite?
False
Is 25255 a composite number?
True
Is 156335 a composite number?
True
Is 77317 composite?
False
Is 4663 prime?
True
Is 138679 prime?
True
Is 129527 prime?
True
Is 237101 prime?
False
Is 124897 a prime number?
True
Is 113605 a prime number?
False
Is 1569783 prime?
False
Is 90778 prime?
False
Is 947 prime?
True
Is 11149 prime?
True
Is 21247 composite?
False
Is 44237 prime?
False
Is 90033 composite?
True
Is 8263 a prime number?
True
Is 304921 a prime number?
False
Is 44087 composite?
False
Is 20627 a composite number?
False
Is 2441 composite?
False
Is 21631 prime?
False
Is 195217 prime?
False
Is 310547 a prime number?
True
Is 16843 a prime number?
True
Is 4409 prime?
True
Is 366157 prime?
False
Is 623 a composite number?
True
Is 446887 a prime number?
False
Is 4979 a composite number?
True
Is 11179 a composite number?
True
Is 171367 a composite number?
True
Is 14923 a prime number?
True
Is 4691 a composite number?
False
Is 7559 a composite number?
False
Is 47339 composite?
False
Is 151337 a prime number?
True
Is 1317 a prime number?
False
Is 184235 a composite number?
True
Is 521107 prime?
True
Is 70867 a composite number?
False
Is 39883 prime?
True
Is 77471 a composite number?
False
Is 1213451 composite?
False
Is 9481 a prime number?
False
Is 841 a prime number?
False
Is 116309 a prime number?
False
Is 188339 prime?
False
Is 92519 composite?
True
Is 7453 a prime number?
False
Is 54913 composite?
True
Is 28117 a composite number?
True
Is 115459 a prime number?
True
Is 8861 prime?
True
Is 29361 composite?
True
Is 368821 composite?
True
Is 12581 a composite number?
True
Is 9011 prime?
True
Is 34781 a prime number?
True
Is 188477 prime?
False
Is 28939 a prime number?
False
Is 348149 composite?
False
Is 18539 a composite number?
False
Is 4086091 a composite number?
False
Is 14419 prime?
True
Is 75079 a composite number?
False
Is 19033 a prime number?
False
Is 122819 prime?
True
Is 1888399 a prime number?
